5/120 - x**4/12 + x**3/3 + 2*x**2. Let y(f) be the first derivative of n(f). What is y(-5)?
3
Let o = 15 + -9. Let j be (-12)/9*o/(-4). Let v(c) = -2*c**3 - 2*c**2 + 3*c. What is v(j)?
-18
Let y(q) = q**2 - 1. Let m(a) = -2*a**2 + 2*a + 9. Let o be m(-2). What is y(o)?
8
Suppose -42 = -5*i + 13. Let c = 8 - i. Let d(h) = h + 4. Calculate d(c).
1
Let p(i) = i**2 + 2*i + 2. Let b = -4 - -7. Let n be -1 + 2 + b + -1. Suppose -2*m + 3*m = -n. Calculate p(m).
5
Let k(f) = 221 + 17*f - 221. What is k(-1)?
-17
Let l(h) be the first derivative of -1/2*h**2 - 2 + 0*h + 4/3*h**3. Let g = 5 + -4. Determine l(g).
3
Suppose 4*z = 3*h, h + 4*h + z + 23 = 0. Let x(v) be the first derivative of 1/4*v**4 + 4/3*v**3 + 1/2*v**2 - 2*v + 8. Calculate x(h).
-6
Let d(z) = z - 1. Suppose -10*i + 2 = -12*i. Let b be i*(7 + -3 - 2). Let y be d(b). Let j(s) = s**3 + s**2 - 3*s - 2. Give j(y).
-11
Let y(d) = -2*d + 5. Let g(v) = v**3 - 19*v**2 - v + 24. Let r be g(19). Give y(r).
-5
Let v(a) = -2*a**3 - 7*a**2 - 5*a - 4. Let s be v(-3). Let x(d) = 3*d**2 - 2*d + 2. What is x(s)?
10
Let j(s) = -s + 3. Let i(f) = -9*f + 1. Let d be i(-5). Suppose 2*z + 3*z + t + 26 = 0, d = -5*z + 4*t. Determine j(z).
9
Let x(q) = -q**2 + 3*q + 5. Let s = 85 - 80. Determine x(s).
-5
Let n(k) be the second derivative of k**5/20 - 2*k**4/3 - k**3/3 - k**2 - 39*k. Give n(8).
-18
Let p(g) = 2*g + 1. Let v(a) = a**3 - 9*a**2 + 3*a - 3. Let m be v(9). Let s = 28 - m. Calculate p(s).
9
Let g(q) = -q. Let t(j) = -j**2 + j - 1. Let y(i) = -5*g(i) - t(i). Give y(-4).
1
Let u(m) = -10*m**2 + 926*m**3 - 927*m**3 + 6*m - 9 + 3*m**2. Give u(-8).
7
Let t = -1 + 4. Let z(w) = -11*w**2 + 26 - 6*w + 12*w**2 - 26. Give z(t).
-9
Let c(w) = -w - 3. Let j be 1 - -3 - (10 + -3). Determine c(j).
0
Let w(u) = 3*u - 23. Let s(h) = h - 8. Let k(q) = -17*s(q) + 6*w(q). Determine k(-5).
-7
Let g(p) = p**2 + 10*p - 6. Let u(z) = -z**2 - 31*z + 21. Let w be u(-32). Calculate g(w).
5
Let y(g) = -g**3 - 5*g**2 + 5*g - 2. Let x = 5 + -4. Suppose d = -3*f + x - 0, 5*d + 25 = 0. Let b be (3 - f)/((-1)/6). Calculate y(b).
4
Let c(g) = g**2 - g + 1. Suppose t = 3*t - 2. Let n = -1 + t. Determine c(n).
1
Let b(y) be the second derivative of 3/2*y**3 + 0*y**4 + y + 0 + 1/120*y**6 + 1/2*y**2 + 0*y**5. Let k(q) be the first derivative of b(q). Calculate k(0).
9
Let t be (-3)/(-1 - 8/(-10)). Suppose -3*l - t = d + 2*d, 4*l - 20 = d. Let a = -5 - d. Let o(q) = 2*q + 1. What is o(a)?
7
Let u = -7 - -10. Let p(r) be the third derivative of -r**6/360 + r**5/40 + r**4/6 + r**3/6 + 2*r**2. Let l(x) be the first derivative of p(x). What is l(u)?
4
Let i(m) = m**2 - m + 3. Let x be i(0). Let y = 5 - x. Suppose -4*j - 5*f = j - 5, y*j - 22 = 3*f. Let t(r) = -r**3 + 6*r**2 - 4*r - 4. Determine t(j).
1
Suppose t = -1, -5*x + 3*t - 2*t + 1 = 0. Let i(w) = 5 + 0 + x + w. Let j(b) = -b**3 + b**2 + b. Let y be j(0). What is i(y)?
5
Let j(n) = -n**2 + 11*n - 8. Let i be j(10). Suppose 3*r + 14 = i. Let u(b) = -2*b**2 - 5*b + 3. Determine u(r).
-9
Let a(d) = -d**3 + 7*d**2 - 6*d + 4. Suppose -24 = 2*v - 6*v. Suppose 3 = 3*z + 5*j, -4*j = 2*z - z + v. What is a(z)?
4
Let t(a) = -a**2 - 4*a + 4. Let h = 7 + -11. Give t(h).
4
Let o(u) = 2*u**2 + 2*u + 2. Let n(f) = -f**2 + 6*f + 5. Let g be n(7). Give o(g).
6
Suppose 2*t - 6 = -4. Let j(c) = c - 1. Let h(r) = -5*r + 4. Let a(n) = t*h(n) + 4*j(n). Suppose 0*l + 8 = -2*l. Determine a(l).
4
Suppose 10 + 15 = 5*r. Let s(t) = -7*t + t**2 - 5*t**2 + 3*t**2 - r. Suppose -7 - 13 = 5*y. Calculate s(y).
7
Let s(a) = 2*a**3 - a**2 + a - 1. Let w be s(1). Let z = w + 2. Let m(f) = -3*f + 1 + 5*f - 4*f + z*f. Give m(3).
4
Let x(u) = -u**2 + 3*u - 2. Let z be ((-5)/(-2))/(4/8). Suppose -3*r + 25 = 5*c, -5*c + 30 = z*r - r. What is x(c)?
0
Suppose -p - 8 = p. Let z = p + 5. Suppose 0*t + z = t. Let k(x) = -2*x - 1. Determine k(t).
-3
Let n = 0 + 2. Let k = 2 + n. Let g(z) = -6*z + 5 + 4*z**2 - 5 + 5 - 3*z**2. Calculate g(k).
-3
Suppose 0 = 2*f + 5*p + 10, 0*f + 2*f = -p - 2. Let m = -3 + f. Let q(v) = -v**2 - v + 2. Calculate q(m).
-4
Let h(x) be the second derivative of x**3/6 + 2*x**2 - 2*x. Give h(0).
4
Let g = -7 - -4. Let y be (-20)/(-6) + 1/(-3). Let o(h) = -3 + 2*h**2 - 1 + y*h + 0. Calculate o(g).
5
Let m(f) be the third derivative of -f**5/60 - 5*f**4/24 + 3*f**3/2 + f**2. Determine m(-7).
-5
Let q(b) = -1. Suppose -w = 3*w + 24. Let a(m) be the second derivative of -m**5/20 + m**3/6 + 9*m**2/2 - m. Let h(l) = w*q(l) - a(l). What is h(0)?
-3
Let a be -1 - 0 - 9/(-6)*2. Let f(w) = -w**2 + 6*w - 3. Calculate f(a).
5
Let d(n) = 3*n + 5 - 4 + 1 - 2*n. Let y(f) = f + 2. Let r be y(0). Suppose -4 + 0 = a - i, 5*i = r*a + 20. Calculate d(a).
2
Let m(d) be the second derivative of d**5/120 + d**4/6 + 2*d**3/3 - 4*d. Let k(g) be the second derivative of m(g). Calculate k(-3).
1
Let u(a) = -a - 3. Let q(c) be the first derivative of -7*c**2/2 + 4*c - 1. Let w be q(-4). Suppose 4*k = -5*l + 4, -4*k = -2*l - 2*l + w. What is u(k)?
1
Let w(q) = -q**3 - 4*q**2 + 2*q - 4. Let p(n) = -n + 2. Let v be p(7). Give w(v).
11
Let f be (96/15)/(2/5). Suppose 5*m + f = 3*h, 0 = 3*m - m + 10. Let z(g) = g**3 + 4*g**2 + 4*g. Give z(h).
-3
Let g(q) = -q**2 - 6*q - 2*q + 0*q**2 + 14*q - 5. Give g(5).
0
Let x(p) = -2*p - 1. Suppose 0 = 3*l + 4*v - 6, 5*l - v = -7 - 6. Give x(l).
3
Let j(h) = -h**2 + 6*h - 5. Let m be j(5). Suppose 5 = -4*q - 5*y, m = -2*q - 5*y - 3 - 2. Let d(u) = -u - 3. Give d(q).
-3
Suppose -5 = 2*d - 15. Let b(p) = 1 - d*p + 0*p + 6*p + p. What is b(2)?
5
Let s(r) = -r**2 - r + 1. Suppose 0*o = 4*o + 2*h - 4, 0 = 2*o - h - 2. Give s(o).
-1
Let n(g) = 0*g - 2*g + 10 - 4. Suppose -6*m + 2*m = 20, 39 = 4*f - 3*m. What is n(f)?
-6
Let c(g) be the second derivative of g**3/2 + g**2 + 39*g + 2. Determine c(2).
8
Let x(w) = -w**3 + w**2 + w + 1. Let d(y) = -10*y**3 + 5*y**2 + 6*y + 6. Let b(m) = d(m) - 6*x(m). Determine b(-1).
3
Let l = 2 - 0. Let j(n) = -1 - 3*n + 2*n + l*n. Suppose 12 + 4 = 4*u. Give j(u).
3
Let o(v) = 9*v + 7. Let i(c) = 4*c + 3. Let g(q) = 5*i(q) - 2*o(q). Calculate g(-1).
-1
Let m = -3 - -9. Let a(f) be the second derivative of f**4/12 - f**3 + 7*f**2/2 - f. Calculate a(m).
7
Let f(o) = 4*o**2 - 5*o - 11. Let z(s) = 3*s**2 - 5*s - 10. Let d(a) = -2*f(a) + 3*z(a). Give d(7).
6
Let n(x) = x**3 - 6*x**2 + 6*x - 1. Let b(f) = -f**3 + 13*f**2 - 12*f + 5. Let i be b(12). Give n(i).
4
Let t be 4*(2 + (-3)/2). Let f(z) = -70*z. Let p(v) = 5*v. Let l(i) = 6*f(i) + 85*p(i). Give l(t).
10
Let r(x) be the third derivative of -x**4/24 - 5*x**3/6 + x**2. Suppose 2*t - 3 = -15. Give r(t).
1
Let f(k) be the second derivative of -k**5/20 - k**4/12 + k**3/6 + k**2 - k. Suppose 3*o + o = -8. Determine f(o).
4
Let m(y) be the first derivative of -y**3/3 - y**2/2 + 5. Let w(q) = q - 8. Let u(d) = d - 7. Let i(h) = 2*u(h) - 3*w(h). Let t be i(10). Give m(t).
0
Let m = 10 - 13. Let n(w) be the third derivative of w**4/24 + w**3/2 - w**2. Let d be n(m). Let p(k) = -k + 5. Determine p(d).
5
Let w(x) = x**3 - x**2 + 1. Let j(d) = -9*d**3 + 4*d**2 + d - 5. Let l(i) = -j(i) - 5*w(i). Let h be (-1 - 1)*(7 + (-90)/12). Give l(h).
4
Let f(b) be the second derivative of -b**5/20 + b**4/3 + b**3/6 - b**2/2 + 21*b. Determine f(4).
3
Let a(c) = c**2 - 4*c - 7. Let h(p) = -p**2 + 8*p - 5. Let s be h(6). Determine a(s).
14
Let v be -2 - (-7 + -2 + 1). Let u be ((-18)/(-15))/(v/20). Let r(w) = w + 1. Calculate r(u).
5
Let u(s) = s + 2. Let g = -17 - -17. Suppose g = 2*n - 5 - 1. Determine u(n).
5
Let m(u) = -u + 10. Let r(x) = x**3 + 10*x**2 + 9*x + 7. Let b be r(-9). Give m(b).
3
Let t(c) = -4*c**3. Suppose -2*v = 4*b, -5*b - 5 = -0*v + 5*v. Give t(b).
-4
Let b(v) = 11*v**2 + 23*v + 6. Let g = -7 + 9. Let m(a) = 11*a - 5 + a**2 + 5*a**g - a**2 + 8. Let f(l) = -6*b(l) + 13*m(l). Determine f(5).
3
Let u(k) = k + 2. Suppose -2*j = -2*m - 22, -7 = -2*m + 3*m + 3*j. Let f = m + 5. Calculate u(f).
-3
Let c(u) be the second derivative of u**5/20 + 2*u**4/3 + 4*u**3/3 - u**2 - 27*u. Calculate c(-7).
-9
Let i = 9 - 18. Let o be -6*(2 + 24/i). Let t(h) = h**3 - 5*h**2 + 6*h - 4. What is t(o)?
4
Let z be ((-4)/14)/((-20)/35)*6. Let a(d) be the first derivative of -3 + 1/2*d**2 + 0*d - 2*d**z. Give a(-1).
-7
Let c(u) = -3*u + 1. Let h = 22 - 1